{"id":1264,"date":"2023-12-04T09:48:24","date_gmt":"2023-12-04T08:48:24","guid":{"rendered":"https:\/\/scalphair.krakow.business\/?page_id=1264"},"modified":"2024-01-10T10:35:34","modified_gmt":"2024-01-10T09:35:34","slug":"opis-zabiegow","status":"publish","type":"page","link":"https:\/\/scalphair.krakow.business\/?page_id=1264","title":{"rendered":"OPIS ZABIEG\u00d3W"},"content":{"rendered":"\t\t<div data-elementor-type=\"wp-page\" data-elementor-id=\"1264\" class=\"elementor elementor-1264\">\n\t\t\t\t<div class=\"elementor-element elementor-element-15381a1 e-flex e-con-boxed e-con e-parent\" data-id=\"15381a1\" data-element_type=\"container\" data-e-type=\"container\" data-settings=\"{&quot;background_background&quot;:&quot;classic&quot;}\">\n\t\t\t\t\t<div class=\"e-con-inner\">\n\t\t<div class=\"elementor-element elementor-element-4adfe32 e-con-full e-flex e-con e-child\" data-id=\"4adfe32\" data-element_type=\"container\" data-e-type=\"container\">\n\t\t\t\t<div class=\"elementor-element elementor-element-cfd2020 elementor-align-center elementor-widget elementor-widget-button\" data-id=\"cfd2020\" data-element_type=\"widget\" data-e-type=\"widget\" data-widget_type=\"button.default\">\n\t\t\t\t<div class=\"elementor-widget-container\">\n\t\t\t\t\t\t\t\t\t<div class=\"elementor-button-wrapper\">\n\t\t\t\t\t<a class=\"elementor-button elementor-button-link elementor-size-sm\" href=\"#KON\">\n\t\t\t\t\t\t<span class=\"elementor-button-content-wrapper\">\n\t\t\t\t\t\t\t\t\t<span class=\"elementor-button-text\">Konsultacja trychologiczna<\/span>\n\t\t\t\t\t<\/span>\n\t\t\t\t\t<\/a>\n\t\t\t\t<\/div>\n\t\t\t\t\t\t\t\t<\/div>\n\t\t\t\t<\/div>\n\t\t\t\t<\/div>\n\t\t<div class=\"elementor-element elementor-element-c25ea13 e-con-full e-flex e-con e-child\" data-id=\"c25ea13\" data-element_type=\"container\" data-e-type=\"container\">\n\t\t\t\t<div class=\"elementor-element elementor-element-cbc12b7 elementor-align-center elementor-widget elementor-widget-button\" data-id=\"cbc12b7\" data-element_type=\"widget\" data-e-type=\"widget\" data-widget_type=\"button.default\">\n\t\t\t\t<div class=\"elementor-widget-container\">\n\t\t\t\t\t\t\t\t\t<div class=\"elementor-button-wrapper\">\n\t\t\t\t\t<a class=\"elementor-button elementor-button-link elementor-size-sm\" href=\"#MEZO\">\n\t\t\t\t\t\t<span class=\"elementor-button-content-wrapper\">\n\t\t\t\t\t\t\t\t\t<span class=\"elementor-button-text\">MEZOTERAPIA IG\u0141OWA<\/span>\n\t\t\t\t\t<\/span>\n\t\t\t\t\t<\/a>\n\t\t\t\t<\/div>\n\t\t\t\t\t\t\t\t<\/div>\n\t\t\t\t<\/div>\n\t\t\t\t<\/div>\n\t\t<div class=\"elementor-element elementor-element-3570f5d e-con-full e-flex e-con e-child\" data-id=\"3570f5d\" data-element_type=\"container\" data-e-type=\"container\">\n\t\t\t\t<div class=\"elementor-element elementor-element-3805c34 elementor-align-center elementor-widget elementor-widget-button\" data-id=\"3805c34\" data-element_type=\"widget\" data-e-type=\"widget\" data-widget_type=\"button.default\">\n\t\t\t\t<div class=\"elementor-widget-container\">\n\t\t\t\t\t\t\t\t\t<div class=\"elementor-button-wrapper\">\n\t\t\t\t\t<a class=\"elementor-button elementor-button-link elementor-size-sm\" href=\"#MIKRO\">\n\t\t\t\t\t\t<span class=\"elementor-button-content-wrapper\">\n\t\t\t\t\t\t\t\t\t<span class=\"elementor-button-text\">Mikropigmentacja sk\u00f3ry g\u0142owy<\/span>\n\t\t\t\t\t<\/span>\n\t\t\t\t\t<\/a>\n\t\t\t\t<\/div>\n\t\t\t\t\t\t\t\t<\/div>\n\t\t\t\t<\/div>\n\t\t\t\t<\/div>\n\t\t\t\t\t<\/div>\n\t\t\t\t<\/div>\n\t\t<div class=\"elementor-element elementor-element-4acb960 e-flex e-con-boxed e-con e-parent\" data-id=\"4acb960\" data-element_type=\"container\" data-e-type=\"container\" id=\"KON\" data-settings=\"{&quot;background_background&quot;:&quot;classic&quot;}\">\n\t\t\t\t\t<div class=\"e-con-inner\">\n\t\t\t\t<div class=\"elementor-element elementor-element-bb4a905 elementor-widget-divider--view-line elementor-widget elementor-widget-divider\" data-id=\"bb4a905\" data-element_type=\"widget\" data-e-type=\"widget\" data-widget_type=\"divider.default\">\n\t\t\t\t<div class=\"elementor-widget-container\">\n\t\t\t\t\t\t\t<div class=\"elementor-divider\">\n\t\t\t<span class=\"elementor-divider-separator\">\n\t\t\t\t\t\t<\/span>\n\t\t<\/div>\n\t\t\t\t\t\t<\/div>\n\t\t\t\t<\/div>\n\t\t\t\t<div class=\"elementor-element elementor-element-880d1d6 elementor-widget elementor-widget-heading\" data-id=\"880d1d6\" data-element_type=\"widget\" data-e-type=\"widget\" data-widget_type=\"heading.default\">\n\t\t\t\t<div class=\"elementor-widget-container\">\n\t\t\t\t\t<h2 class=\"elementor-heading-title elementor-size-default\">Konsultacja trychologiczna<\/h2>\t\t\t\t<\/div>\n\t\t\t\t<\/div>\n\t\t\t\t<div class=\"elementor-element elementor-element-4af4d34 elementor-widget elementor-widget-text-editor\" data-id=\"4af4d34\" data-element_type=\"widget\" data-e-type=\"widget\" data-widget_type=\"text-editor.default\">\n\t\t\t\t<div class=\"elementor-widget-container\">\n\t\t\t\t\t\t\t\t\t<p>Podczas konsultacji, trycholog przeprowadza analiz\u0119 sk\u00f3ry g\u0142owy oraz ocenia stan w\u0142os\u00f3w, aby ustali\u0107 przyczyn\u0119 problem\u00f3w, takich jak wypadanie w\u0142os\u00f3w, \u0142upie\u017c, \u015bwi\u0105d czy \u0142amliwe w\u0142osy.<\/p><p>Analiza wynik\u00f3w bada\u0144 laboratoryjnych jest r\u00f3wnie\u017c cz\u0119\u015bci\u0105 konsultacji trychologicznej. Trycholog mo\u017ce zaleci\u0107 badania krwi, takie jak badanie poziomu hormon\u00f3w, witamin i minera\u0142\u00f3w, aby sprawdzi\u0107, czy niedobory sk\u0142adnik\u00f3w od\u017cywczych mog\u0105 wp\u0142ywa\u0107 na zdrowie w\u0142os\u00f3w.<br \/>Konsultacja trychologiczna \u00a0obejmuje analiz\u0119 sk\u00f3ry g\u0142owy, ocen\u0119 stanu w\u0142os\u00f3w oraz analiz\u0119 wynik\u00f3w bada\u0144 laboratoryjnych, je\u015bli s\u0105 zlecane. Celem jest ustalenie przyczyn problem\u00f3w z w\u0142osami i opracowanie odpowiedniego planu leczenia lub piel\u0119gnacji.<\/p><p><strong>Czas konsultacji wraz z badaniem:<\/strong><br \/>30-90 minut<\/p><p><strong>Przygotowanie do konsultacji:<\/strong><br \/>Ostatnie mycie sk\u00f3ry g\u0142owy i w\u0142os\u00f3w musi zosta\u0107 wykonane nie wcze\u015bniej ni\u017c 24 godziny przed planowan\u0105 konsultacj\u0105 oraz nie p\u00f3\u017aniej ni\u017c 48 godzin przed wizyt\u0105.<br \/>Prosz\u0119 o zabranie na wizyt\u0119 aktualnych bada\u0144 laboratoryjnych \u00a0(maksymalnie sprzed 3 ostatnich miesi\u0119cy).<\/p>\t\t\t\t\t\t\t\t<\/div>\n\t\t\t\t<\/div>\n\t\t\t\t\t<\/div>\n\t\t\t\t<\/div>\n\t\t<div class=\"elementor-element elementor-element-2335517 e-flex e-con-boxed e-con e-parent\" data-id=\"2335517\" data-element_type=\"container\" data-e-type=\"container\" id=\"MEZO\" data-settings=\"{&quot;background_background&quot;:&quot;classic&quot;}\">\n\t\t\t\t\t<div class=\"e-con-inner\">\n\t\t\t\t<div class=\"elementor-element elementor-element-6908cdd elementor-widget-divider--view-line elementor-widget elementor-widget-divider\" data-id=\"6908cdd\" data-element_type=\"widget\" data-e-type=\"widget\" data-widget_type=\"divider.default\">\n\t\t\t\t<div class=\"elementor-widget-container\">\n\t\t\t\t\t\t\t<div class=\"elementor-divider\">\n\t\t\t<span class=\"elementor-divider-separator\">\n\t\t\t\t\t\t<\/span>\n\t\t<\/div>\n\t\t\t\t\t\t<\/div>\n\t\t\t\t<\/div>\n\t\t\t\t<div class=\"elementor-element elementor-element-7a0548e elementor-widget elementor-widget-heading\" data-id=\"7a0548e\" data-element_type=\"widget\" data-e-type=\"widget\" data-widget_type=\"heading.default\">\n\t\t\t\t<div class=\"elementor-widget-container\">\n\t\t\t\t\t<h2 class=\"elementor-heading-title elementor-size-default\">Mezoterapia ig\u0142owa<\/h2>\t\t\t\t<\/div>\n\t\t\t\t<\/div>\n\t\t\t\t<div class=\"elementor-element elementor-element-6973cb1 elementor-widget elementor-widget-text-editor\" data-id=\"6973cb1\" data-element_type=\"widget\" data-e-type=\"widget\" data-widget_type=\"text-editor.default\">\n\t\t\t\t<div class=\"elementor-widget-container\">\n\t\t\t\t\t\t\t\t\t<p>Mezoterapia ig\u0142owa sk\u00f3ry g\u0142owy to zabieg polegaj\u0105cy na wprowadzeniu substancji aktywnych bezpo\u015brednio w obr\u0119bie mieszk\u00f3w w\u0142osowych. Wykonywana jest za pomoc\u0105 urz\u0105dzenia w systemem vacum, kt\u00f3ry znacznie zwi\u0119ksza efektywno\u015b\u0107 dzia\u0142ania oraz komfort klienta. Wykorzystany podczas zabiegu pistolet, gwarantuje wykonanie du\u017cej ilo\u015bci nak\u0142u\u0107 na jedn\u0105, automatycznie ustawion\u0105, dostosowan\u0105 do grubo\u015bci sk\u00f3ry pacjenta g\u0142\u0119boko\u015b\u0107. Stosowane preparaty wykorzystywane do mezoterapii ig\u0142owej posiadaj\u0105 certyfikaty uprawniaj\u0105ce do wprowadzenia ich do sk\u00f3ry. Zabieg poprzedzony jest wcze\u015bniejsz\u0105 konsultacj\u0105 trychologiczn\u0105.<\/p><p><strong>Jakie preparaty wykorzystywane s\u0105 podczas zabiegu?<\/strong><br \/>Oferujemy zabieg z wykorzystaniem mezokoktajli oraz niezast\u0105pionego Dr Cyj Hair Filler- Profesjonalna kuracja \u0142\u0105cz\u0105ca w sobie si\u0142\u0119 kwasu hialuronowego z unikaln\u0105 kombinacj\u0105 peptyd\u00f3w, kt\u00f3ra ma za zadanie pobudzi\u0107 kr\u0105\u017cenie i poprawi\u0107 ukrwienie sk\u00f3ry g\u0142owy, zrewitalizowa\u0107 mieszki w\u0142osowe, zatrzyma\u0107 wypadanie w\u0142os\u00f3w, pogrubi\u0107 i wzmocni\u0107 w\u0142osy, stymulowa\u0107 wzrost nowego w\u0142osa, przywr\u00f3ci\u0107 g\u0119sto\u015b\u0107 i pigmentacj\u0119 w\u0142os\u00f3w.<\/p><p>To wa\u017cne! Ilo\u015b\u0107 preparatu jest dobierana indywidualnie do potrzeb ka\u017cdego klienta. Nie stosujemy jednego preparatu dla kilku os\u00f3b \u2013 opakowanie otwieramy przed samym zabiegiem, co daje pewno\u015b\u0107, \u017ce jest przeprowadzany bezpiecznie i higienicznie.<\/p><p><strong>Wskazania do zabiegu:<\/strong><br \/>Profilaktyka \u0142ysienia<br \/>Wypadanie w\u0142os\u00f3w<br \/>\u0141ysienie telogenowe, androgenowe, hormonalne<br \/>W\u0142osy s\u0142abe, zniszczone, wymagaj\u0105ce od\u017cywienia<br \/>\u0141ojotok, sucha sk\u00f3ra g\u0142owy<\/p><p><strong>Przeciwwskazania do zabiegu:<\/strong><br \/>Stwierdzone przez trychologa \u0142ysienie bliznowaciej\u0105ce<br \/>Nieuregulowane choroby autoimmunologiczne<br \/>Alergia na podawane substancje<br \/>Ci\u0105\u017ca, karmienie piersi\u0105<br \/>Chemioterapia<br \/>Antybiotykoterapia<br \/>Przyjmowanie lek\u00f3w rozrzedzaj\u0105cych krew<br \/>Nieuregulowana cukrzyca<\/p><p><strong>Zalecana ilo\u015b\u0107 zabieg\u00f3w:<\/strong><br \/>W celu uzyskanie rezultat\u00f3w zaleca si\u0119 seri\u0119 od 4 do 8 zabieg\u00f3w. Pierwsze 4 zabiegi w odst\u0119pie 2 tygodni. Dla podtrzymania efektu kuracji, kolejne 4 zabiegi przypominaj\u0105ce co 4 tygodnie.<\/p><p>* Ilo\u015b\u0107 zabieg\u00f3w dostosowana do problemu klienta<\/p><p><strong>Przygotowanie do zabiegu:<\/strong><br \/>W dniu zabiegu zaleca si\u0119 umycie sk\u00f3ry g\u0142owy.<\/p><p><strong>Czas trwania:<\/strong><br \/>30-60 minut<\/p>\t\t\t\t\t\t\t\t<\/div>\n\t\t\t\t<\/div>\n\t\t\t\t<div class=\"elementor-element elementor-element-6d60347 elementor-widget-divider--view-line elementor-widget elementor-widget-divider\" data-id=\"6d60347\" data-element_type=\"widget\" data-e-type=\"widget\" data-widget_type=\"divider.default\">\n\t\t\t\t<div class=\"elementor-widget-container\">\n\t\t\t\t\t\t\t<div class=\"elementor-divider\">\n\t\t\t<span class=\"elementor-divider-separator\">\n\t\t\t\t\t\t<\/span>\n\t\t<\/div>\n\t\t\t\t\t\t<\/div>\n\t\t\t\t<\/div>\n\t\t\t\t<div class=\"elementor-element elementor-element-570271c elementor-widget elementor-widget-heading\" data-id=\"570271c\" data-element_type=\"widget\" data-e-type=\"widget\" data-widget_type=\"heading.default\">\n\t\t\t\t<div class=\"elementor-widget-container\">\n\t\t\t\t\t<h2 class=\"elementor-heading-title elementor-size-default\">Mikropigmentacja sk\u00f3ry g\u0142owy<\/h2>\t\t\t\t<\/div>\n\t\t\t\t<\/div>\n\t\t\t\t<div class=\"elementor-element elementor-element-c95e66e elementor-widget elementor-widget-text-editor\" data-id=\"c95e66e\" data-element_type=\"widget\" data-e-type=\"widget\" id=\"MIKRO\" data-widget_type=\"text-editor.default\">\n\t\t\t\t<div class=\"elementor-widget-container\">\n\t\t\t\t\t\t\t\t\t<p>Mikropigmentacja sk\u00f3ry g\u0142owy to zabieg niechirurgiczny, b\u0119d\u0105cy kamufla\u017cem \u0142ysienia. Polecany dla kobiet jak i m\u0119\u017cczyzn. Polega na wprowadzeniu za pomoc\u0105 jednorazowej ig\u0142y, pigmentu kt\u00f3ry imituje odrastaj\u0105cy w\u0142os. Metoda ta nie powoduje odtworzenia brakuj\u0105cych w\u0142os\u00f3w \u00a0ale pozwala na uzyskanie wra\u017cenia pe\u0142niejszej, bardziej g\u0119stej fryzury.<br \/>Efekt zag\u0119szczenia sk\u00f3ry g\u0142owy, polecany g\u0142\u00f3wnie dla kobiet. Pigmentacja sprawia wra\u017cenie bardziej g\u0119stej fryzury, bez widocznych objaw\u00f3w \u0142ysienia. Zabieg wykonywany w dw\u00f3ch seriach w odst\u0119pie miesi\u0105ca.\u00a0<\/p><p><strong>Efekt ogolonej g\u0142owy, szczeg\u00f3lnie polecany dla m\u0119\u017cczyzn.<\/strong><br \/>Zabieg wykonywany w 3 seriach daj\u0105cy efekt 3D odrastaj\u0105cych, wcze\u015bniej ogolonych w\u0142os\u00f3w.<br \/><strong>Wskazania:<\/strong><br \/>Uzupe\u0142nienie linii czo\u0142owej w\u0142os\u00f3w, co pozwala na wyr\u00f3wnanie proporcji twarzy<br \/>Odtworzenie fryzury ogolonej g\u0142owy<br \/>Wyr\u00f3wnanie ubytk\u00f3w \u0142ysienia<br \/>Uzupe\u0142nienie zakoli<\/p><p>*obszar zabiegu ustalany jest na konsultacji przed wizyt\u0105<\/p><p><strong>Przeciwwskazania<\/strong><br \/>Aktywne, zapalne choroby sk\u00f3ry g\u0142owy<br \/>Nadmierne z\u0142uszczanie sk\u00f3ry g\u0142owy<br \/>Kuracje antybiotykowe, sterydowe<br \/>Stosowanie mocno rozgrzewaj\u0105cych, alkoholowych wcierek do sk\u00f3ry g\u0142owy<br \/>Sk\u00f3ra nadmiernie opalona<br \/>Spo\u017cywanie alkoholu do 24h przed wizyt\u0105<\/p>\t\t\t\t\t\t\t\t<\/div>\n\t\t\t\t<\/div>\n\t\t\t\t<div class=\"elementor-element elementor-element-eb01662 elementor-widget-divider--view-line elementor-widget elementor-widget-divider\" data-id=\"eb01662\" data-element_type=\"widget\" data-e-type=\"widget\" data-widget_type=\"divider.default\">\n\t\t\t\t<div class=\"elementor-widget-container\">\n\t\t\t\t\t\t\t<div class=\"elementor-divider\">\n\t\t\t<span class=\"elementor-divider-separator\">\n\t\t\t\t\t\t<\/span>\n\t\t<\/div>\n\t\t\t\t\t\t<\/div>\n\t\t\t\t<\/div>\n\t\t\t\t\t<\/div>\n\t\t\t\t<\/div>\n\t\t\t\t<\/div>\n\t\t","protected":false},"excerpt":{"rendered":"<p>Konsultacja trychologiczna MEZOTERAPIA IG\u0141OWA Mikropigmentacja sk\u00f3ry g\u0142owy Konsultacja trychologiczna Podczas konsultacji, trycholog przeprowadza analiz\u0119 sk\u00f3ry g\u0142owy oraz ocenia stan w\u0142os\u00f3w, aby ustali\u0107 przyczyn\u0119 problem\u00f3w, takich jak wypadanie w\u0142os\u00f3w, \u0142upie\u017c, \u015bwi\u0105d czy \u0142amliwe w\u0142osy. Analiza wynik\u00f3w bada\u0144 laboratoryjnych jest r\u00f3wnie\u017c cz\u0119\u015bci\u0105 konsultacji trychologicznej. Trycholog mo\u017ce zaleci\u0107 badania krwi, takie jak badanie poziomu hormon\u00f3w, witamin i minera\u0142\u00f3w, [&hellip;]<\/p>\n","protected":false},"author":1,"featured_media":0,"parent":0,"menu_order":0,"comment_status":"closed","ping_status":"closed","template":"elementor_header_footer","meta":{"ocean_post_layout":"","ocean_both_sidebars_style":"","ocean_both_sidebars_content_width":0,"ocean_both_sidebars_sidebars_width":0,"ocean_sidebar":"","ocean_second_sidebar":"","ocean_disable_margins":"enable","ocean_add_body_class":"","ocean_shortcode_before_top_bar":"","ocean_shortcode_after_top_bar":"","ocean_shortcode_before_header":"","ocean_shortcode_after_header":"","ocean_has_shortcode":"","ocean_shortcode_after_title":"","ocean_shortcode_before_footer_widgets":"","ocean_shortcode_after_footer_widgets":"","ocean_shortcode_before_footer_bottom":"","ocean_shortcode_after_footer_bottom":"","ocean_display_top_bar":"default","ocean_display_header":"default","ocean_header_style":"","ocean_center_header_left_menu":"","ocean_custom_header_template":"","ocean_custom_logo":0,"ocean_custom_retina_logo":0,"ocean_custom_logo_max_width":0,"ocean_custom_logo_tablet_max_width":0,"ocean_custom_logo_mobile_max_width":0,"ocean_custom_logo_max_height":0,"ocean_custom_logo_tablet_max_height":0,"ocean_custom_logo_mobile_max_height":0,"ocean_header_custom_menu":"","ocean_menu_typo_font_family":"","ocean_menu_typo_font_subset":"","ocean_menu_typo_font_size":0,"ocean_menu_typo_font_size_tablet":0,"ocean_menu_typo_font_size_mobile":0,"ocean_menu_typo_font_size_unit":"px","ocean_menu_typo_font_weight":"","ocean_menu_typo_font_weight_tablet":"","ocean_menu_typo_font_weight_mobile":"","ocean_menu_typo_transform":"","ocean_menu_typo_transform_tablet":"","ocean_menu_typo_transform_mobile":"","ocean_menu_typo_line_height":0,"ocean_menu_typo_line_height_tablet":0,"ocean_menu_typo_line_height_mobile":0,"ocean_menu_typo_line_height_unit":"","ocean_menu_typo_spacing":0,"ocean_menu_typo_spacing_tablet":0,"ocean_menu_typo_spacing_mobile":0,"ocean_menu_typo_spacing_unit":"","ocean_menu_link_color":"","ocean_menu_link_color_hover":"","ocean_menu_link_color_active":"","ocean_menu_link_background":"","ocean_menu_link_hover_background":"","ocean_menu_link_active_background":"","ocean_menu_social_links_bg":"","ocean_menu_social_hover_links_bg":"","ocean_menu_social_links_color":"","ocean_menu_social_hover_links_color":"","ocean_disable_title":"default","ocean_disable_heading":"default","ocean_post_title":"","ocean_post_subheading":"","ocean_post_title_style":"","ocean_post_title_background_color":"","ocean_post_title_background":0,"ocean_post_title_bg_image_position":"","ocean_post_title_bg_image_attachment":"","ocean_post_title_bg_image_repeat":"","ocean_post_title_bg_image_size":"","ocean_post_title_height":0,"ocean_post_title_bg_overlay":0.5,"ocean_post_title_bg_overlay_color":"","ocean_disable_breadcrumbs":"default","ocean_breadcrumbs_color":"","ocean_breadcrumbs_separator_color":"","ocean_breadcrumbs_links_color":"","ocean_breadcrumbs_links_hover_color":"","ocean_display_footer_widgets":"default","ocean_display_footer_bottom":"default","ocean_custom_footer_template":"","osh_disable_topbar_sticky":"default","osh_disable_header_sticky":"default","osh_sticky_header_style":"default","osh_sticky_header_effect":"","osh_custom_sticky_logo":0,"osh_custom_retina_sticky_logo":0,"osh_custom_sticky_logo_height":0,"osh_background_color":"","osh_links_color":"","osh_links_hover_color":"","osh_links_active_color":"","osh_links_bg_color":"","osh_links_hover_bg_color":"","osh_links_active_bg_color":"","osh_menu_social_links_color":"","osh_menu_social_hover_links_color":"","footnotes":""},"class_list":["post-1264","page","type-page","status-publish","hentry","entry"],"yoast_head":"<!-- This site is optimized with the Yoast SEO plugin v26.7 - https:\/\/yoast.com\/wordpress\/plugins\/seo\/ -->\n<title>OPIS ZABIEG\u00d3W - Scalp-Hair Sylwia Sendorek<\/title>\n<meta name=\"robots\" content=\"index, follow, max-snippet:-1, max-image-preview:large, max-video-preview:-1\" \/>\n<link rel=\"canonical\" href=\"https:\/\/scalphair.krakow.business\/?page_id=1264\" \/>\n<meta property=\"og:locale\" content=\"pl_PL\" \/>\n<meta property=\"og:type\" content=\"article\" \/>\n<meta property=\"og:title\" content=\"OPIS ZABIEG\u00d3W - Scalp-Hair Sylwia Sendorek\" \/>\n<meta property=\"og:description\" content=\"Konsultacja trychologiczna MEZOTERAPIA IG\u0141OWA Mikropigmentacja sk\u00f3ry g\u0142owy Konsultacja trychologiczna Podczas konsultacji, trycholog przeprowadza analiz\u0119 sk\u00f3ry g\u0142owy oraz ocenia stan w\u0142os\u00f3w, aby ustali\u0107 przyczyn\u0119 problem\u00f3w, takich jak wypadanie w\u0142os\u00f3w, \u0142upie\u017c, \u015bwi\u0105d czy \u0142amliwe w\u0142osy. Analiza wynik\u00f3w bada\u0144 laboratoryjnych jest r\u00f3wnie\u017c cz\u0119\u015bci\u0105 konsultacji trychologicznej. Trycholog mo\u017ce zaleci\u0107 badania krwi, takie jak badanie poziomu hormon\u00f3w, witamin i minera\u0142\u00f3w, [&hellip;]\" \/>\n<meta property=\"og:url\" content=\"https:\/\/scalphair.krakow.business\/?page_id=1264\" \/>\n<meta property=\"og:site_name\" content=\"Scalp-Hair Sylwia Sendorek\" \/>\n<meta property=\"article:modified_time\" content=\"2024-01-10T09:35:34+00:00\" \/>\n<meta name=\"twitter:card\" content=\"summary_large_image\" \/>\n<meta name=\"twitter:label1\" content=\"Szacowany czas czytania\" \/>\n\t<meta name=\"twitter:data1\" content=\"3 minuty\" \/>\n<script type=\"application\/ld+json\" class=\"yoast-schema-graph\">{\"@context\":\"https:\/\/schema.org\",\"@graph\":[{\"@type\":\"WebPage\",\"@id\":\"https:\/\/scalphair.krakow.business\/?page_id=1264\",\"url\":\"https:\/\/scalphair.krakow.business\/?page_id=1264\",\"name\":\"OPIS ZABIEG\u00d3W - Scalp-Hair Sylwia Sendorek\",\"isPartOf\":{\"@id\":\"https:\/\/scalphair.krakow.business\/#website\"},\"datePublished\":\"2023-12-04T08:48:24+00:00\",\"dateModified\":\"2024-01-10T09:35:34+00:00\",\"breadcrumb\":{\"@id\":\"https:\/\/scalphair.krakow.business\/?page_id=1264#breadcrumb\"},\"inLanguage\":\"pl-PL\",\"potentialAction\":[{\"@type\":\"ReadAction\",\"target\":[\"https:\/\/scalphair.krakow.business\/?page_id=1264\"]}]},{\"@type\":\"BreadcrumbList\",\"@id\":\"https:\/\/scalphair.krakow.business\/?page_id=1264#breadcrumb\",\"itemListElement\":[{\"@type\":\"ListItem\",\"position\":1,\"name\":\"Home\",\"item\":\"https:\/\/scalphair.krakow.business\/\"},{\"@type\":\"ListItem\",\"position\":2,\"name\":\"OPIS ZABIEG\u00d3W\"}]},{\"@type\":\"WebSite\",\"@id\":\"https:\/\/scalphair.krakow.business\/#website\",\"url\":\"https:\/\/scalphair.krakow.business\/\",\"name\":\"Scalp-Hair Sylwia Sendorek\",\"description\":\"\",\"publisher\":{\"@id\":\"https:\/\/scalphair.krakow.business\/#organization\"},\"potentialAction\":[{\"@type\":\"SearchAction\",\"target\":{\"@type\":\"EntryPoint\",\"urlTemplate\":\"https:\/\/scalphair.krakow.business\/?s={search_term_string}\"},\"query-input\":{\"@type\":\"PropertyValueSpecification\",\"valueRequired\":true,\"valueName\":\"search_term_string\"}}],\"inLanguage\":\"pl-PL\"},{\"@type\":\"Organization\",\"@id\":\"https:\/\/scalphair.krakow.business\/#organization\",\"name\":\"Scalp-Hair Sylwia Sendorek\",\"url\":\"https:\/\/scalphair.krakow.business\/\",\"logo\":{\"@type\":\"ImageObject\",\"inLanguage\":\"pl-PL\",\"@id\":\"https:\/\/scalphair.krakow.business\/#\/schema\/logo\/image\/\",\"url\":\"https:\/\/scalphair.krakow.business\/wp-content\/uploads\/2024\/01\/cropped-logo-Scalp-Hair-Krakow-Sylwia-Sendorek-Scalp-Hair-1.png\",\"contentUrl\":\"https:\/\/scalphair.krakow.business\/wp-content\/uploads\/2024\/01\/cropped-logo-Scalp-Hair-Krakow-Sylwia-Sendorek-Scalp-Hair-1.png\",\"width\":499,\"height\":266,\"caption\":\"Scalp-Hair Sylwia Sendorek\"},\"image\":{\"@id\":\"https:\/\/scalphair.krakow.business\/#\/schema\/logo\/image\/\"}}]}<\/script>\n<!-- \/ Yoast SEO plugin. -->","yoast_head_json":{"title":"OPIS ZABIEG\u00d3W - Scalp-Hair Sylwia Sendorek","robots":{"index":"index","follow":"follow","max-snippet":"max-snippet:-1","max-image-preview":"max-image-preview:large","max-video-preview":"max-video-preview:-1"},"canonical":"https:\/\/scalphair.krakow.business\/?page_id=1264","og_locale":"pl_PL","og_type":"article","og_title":"OPIS ZABIEG\u00d3W - Scalp-Hair Sylwia Sendorek","og_description":"Konsultacja trychologiczna MEZOTERAPIA IG\u0141OWA Mikropigmentacja sk\u00f3ry g\u0142owy Konsultacja trychologiczna Podczas konsultacji, trycholog przeprowadza analiz\u0119 sk\u00f3ry g\u0142owy oraz ocenia stan w\u0142os\u00f3w, aby ustali\u0107 przyczyn\u0119 problem\u00f3w, takich jak wypadanie w\u0142os\u00f3w, \u0142upie\u017c, \u015bwi\u0105d czy \u0142amliwe w\u0142osy. Analiza wynik\u00f3w bada\u0144 laboratoryjnych jest r\u00f3wnie\u017c cz\u0119\u015bci\u0105 konsultacji trychologicznej. Trycholog mo\u017ce zaleci\u0107 badania krwi, takie jak badanie poziomu hormon\u00f3w, witamin i minera\u0142\u00f3w, [&hellip;]","og_url":"https:\/\/scalphair.krakow.business\/?page_id=1264","og_site_name":"Scalp-Hair Sylwia Sendorek","article_modified_time":"2024-01-10T09:35:34+00:00","twitter_card":"summary_large_image","twitter_misc":{"Szacowany czas czytania":"3 minuty"},"schema":{"@context":"https:\/\/schema.org","@graph":[{"@type":"WebPage","@id":"https:\/\/scalphair.krakow.business\/?page_id=1264","url":"https:\/\/scalphair.krakow.business\/?page_id=1264","name":"OPIS ZABIEG\u00d3W - Scalp-Hair Sylwia Sendorek","isPartOf":{"@id":"https:\/\/scalphair.krakow.business\/#website"},"datePublished":"2023-12-04T08:48:24+00:00","dateModified":"2024-01-10T09:35:34+00:00","breadcrumb":{"@id":"https:\/\/scalphair.krakow.business\/?page_id=1264#breadcrumb"},"inLanguage":"pl-PL","potentialAction":[{"@type":"ReadAction","target":["https:\/\/scalphair.krakow.business\/?page_id=1264"]}]},{"@type":"BreadcrumbList","@id":"https:\/\/scalphair.krakow.business\/?page_id=1264#breadcrumb","itemListElement":[{"@type":"ListItem","position":1,"name":"Home","item":"https:\/\/scalphair.krakow.business\/"},{"@type":"ListItem","position":2,"name":"OPIS ZABIEG\u00d3W"}]},{"@type":"WebSite","@id":"https:\/\/scalphair.krakow.business\/#website","url":"https:\/\/scalphair.krakow.business\/","name":"Scalp-Hair Sylwia Sendorek","description":"","publisher":{"@id":"https:\/\/scalphair.krakow.business\/#organization"},"potentialAction":[{"@type":"SearchAction","target":{"@type":"EntryPoint","urlTemplate":"https:\/\/scalphair.krakow.business\/?s={search_term_string}"},"query-input":{"@type":"PropertyValueSpecification","valueRequired":true,"valueName":"search_term_string"}}],"inLanguage":"pl-PL"},{"@type":"Organization","@id":"https:\/\/scalphair.krakow.business\/#organization","name":"Scalp-Hair Sylwia Sendorek","url":"https:\/\/scalphair.krakow.business\/","logo":{"@type":"ImageObject","inLanguage":"pl-PL","@id":"https:\/\/scalphair.krakow.business\/#\/schema\/logo\/image\/","url":"https:\/\/scalphair.krakow.business\/wp-content\/uploads\/2024\/01\/cropped-logo-Scalp-Hair-Krakow-Sylwia-Sendorek-Scalp-Hair-1.png","contentUrl":"https:\/\/scalphair.krakow.business\/wp-content\/uploads\/2024\/01\/cropped-logo-Scalp-Hair-Krakow-Sylwia-Sendorek-Scalp-Hair-1.png","width":499,"height":266,"caption":"Scalp-Hair Sylwia Sendorek"},"image":{"@id":"https:\/\/scalphair.krakow.business\/#\/schema\/logo\/image\/"}}]}},"_links":{"self":[{"href":"https:\/\/scalphair.krakow.business\/index.php?rest_route=\/wp\/v2\/pages\/1264","targetHints":{"allow":["GET"]}}],"collection":[{"href":"https:\/\/scalphair.krakow.business\/index.php?rest_route=\/wp\/v2\/pages"}],"about":[{"href":"https:\/\/scalphair.krakow.business\/index.php?rest_route=\/wp\/v2\/types\/page"}],"author":[{"embeddable":true,"href":"https:\/\/scalphair.krakow.business\/index.php?rest_route=\/wp\/v2\/users\/1"}],"replies":[{"embeddable":true,"href":"https:\/\/scalphair.krakow.business\/index.php?rest_route=%2Fwp%2Fv2%2Fcomments&post=1264"}],"version-history":[{"count":40,"href":"https:\/\/scalphair.krakow.business\/index.php?rest_route=\/wp\/v2\/pages\/1264\/revisions"}],"predecessor-version":[{"id":1510,"href":"https:\/\/scalphair.krakow.business\/index.php?rest_route=\/wp\/v2\/pages\/1264\/revisions\/1510"}],"wp:attachment":[{"href":"https:\/\/scalphair.krakow.business\/index.php?rest_route=%2Fwp%2Fv2%2Fmedia&parent=1264"}],"curies":[{"name":"wp","href":"https:\/\/api.w.org\/{rel}","templated":true}]}}